{"id":567,"date":"2017-10-24T20:50:14","date_gmt":"2017-10-24T18:50:14","guid":{"rendered":"http:\/\/serwer1368371.home.pl\/autoinstalator\/wordpress\/?page_id=567"},"modified":"2026-02-18T14:22:40","modified_gmt":"2026-02-18T13:22:40","slug":"nordic-mubio","status":"publish","type":"page","link":"https:\/\/www.biolim.pl\/?page_id=567","title":{"rendered":"Vector Laboratories"},"content":{"rendered":"<div id=\"content-side\" class=\"side\">\n<div id=\"content-side2\" class=\"side2\">\n<div class=\"container-content\">\n<div id=\"content-content\">\n<div id=\"content-content-inner\" class=\"container-content-inner\">\n<div id=\"widget-635619b0-8e31-3b99-2e40-6fa17c505ba6\" class=\"widget widget-text\">\n<div class=\"widget-content\">\n<p><img decoding=\"async\" loading=\"lazy\" class=\"aligncenter wp-image-3252 size-full\" src=\"https:\/\/www.biolim.pl\/wp-content\/uploads\/2017\/10\/vector-laboratories-logo.png\" alt=\"\" width=\"500\" height=\"125\" srcset=\"https:\/\/www.biolim.pl\/wp-content\/uploads\/2017\/10\/vector-laboratories-logo.png 500w, https:\/\/www.biolim.pl\/wp-content\/uploads\/2017\/10\/vector-laboratories-logo-300x75.png 300w\" sizes=\"(max-width: 500px) 100vw, 500px\" \/><\/p>\n<p>&nbsp;<\/p>\n<p style=\"text-align: justify;\">Firma powsta\u0142a w 1964 roku. Koncentruj\u0105c si\u0119 na immunologii na dzie\u0144 dzisiejszy Vector w swoim portfolio posiada ponad 1700 specyficznych surowic ludzkich, mysich, surowic ma\u0142py oraz klas immunoglobulin szczurzych i ich podklas. Przedmiotem zainteresowania mo\u017ce by\u0107 tak\u017ce szeroki zakres poliklonalnych surowic odporno\u015bciowych dla innych bia\u0142ek surowic r\u00f3\u017cnych gatunk\u00f3w zwierz\u0105t, a tak\u017ce unikalny szereg poliklonalnych surowic odporno\u015bciowych przeciwko enzymom. Wi\u0119kszo\u015b\u0107 przeciwcia\u0142 jest dost\u0119pna r\u00f3wnie\u017c jako koniugaty fluorescencyjne oraz z HRP, a tak\u017ce jako koniugat biotyny dla dowolnie wybranych przez Klienta znacznik\u00f3w.<\/p>\n<p style=\"text-align: justify;\"><strong>Oferta producenta obejmuje:<\/strong><\/p>\n<p style=\"text-align: justify;\">Antibodies directed to:<\/p>\n<p style=\"padding-left: 30px;\">Annexins<\/p>\n<p style=\"padding-left: 30px;\">Cell adhesion molecules Cancer<\/p>\n<p style=\"padding-left: 30px;\">Cell cycle markers<\/p>\n<p style=\"padding-left: 30px;\">CD markers<\/p>\n<p style=\"padding-left: 30px;\">Cytokines<\/p>\n<p style=\"padding-left: 30px;\">Cytoskeletal proteins<\/p>\n<p style=\"padding-left: 30px;\">Extracellular matrix proteins<\/p>\n<p style=\"padding-left: 30px;\">Filamentous phage proteins<\/p>\n<p style=\"padding-left: 30px;\">Haematology markers<\/p>\n<p style=\"padding-left: 30px;\">Hormones<\/p>\n<p style=\"padding-left: 30px;\">Membrane proteins<\/p>\n<p style=\"padding-left: 30px;\">Nuclear proteins<\/p>\n<p style=\"padding-left: 30px;\">Tumour markers<\/p>\n<p style=\"text-align: justify;\">Interest fields:<\/p>\n<p style=\"padding-left: 30px;\">Apoptosis<\/p>\n<p style=\"padding-left: 30px;\">Cardiovascular<\/p>\n<p style=\"padding-left: 30px;\">Cell adhesion<\/p>\n<p style=\"padding-left: 30px;\">Cell cycle<\/p>\n<p style=\"padding-left: 30px;\">Cell differentiation<\/p>\n<p style=\"padding-left: 30px;\">Cell proliferation<\/p>\n<p style=\"padding-left: 30px;\">Cell signaling<\/p>\n<p style=\"padding-left: 30px;\">Cytoskeleton<\/p>\n<p style=\"padding-left: 30px;\">Immunology<\/p>\n<p style=\"padding-left: 30px;\">Neurobiology<\/p>\n<p style=\"padding-left: 30px;\">Stem cell research<\/p>\n<p style=\"text-align: justify;\">Primary Antibodies<\/p>\n<p style=\"text-align: justify;\">Secondary Antibodies<\/p>\n<p style=\"text-align: justify;\">Isotype control<\/p>\n<p style=\"text-align: justify;\">Proteins &amp; Peptides<\/p>\n<p style=\"text-align: justify;\">Serums<\/p>\n<p style=\"text-align: justify;\">Other Reagents<\/p>\n<p>&nbsp;<\/p>\n<p style=\"text-align: justify;\"><a class=\" link\" href=\"http:\/\/nordicmubio.com\" target=\"_blank\" rel=\"noopener\">www.nordicmubio.com<\/a><\/p>\n<\/div>\n<\/div>\n<\/div>\n<\/div>\n<\/div>\n<\/div>\n<\/div>\n","protected":false},"excerpt":{"rendered":"<p>&nbsp; Firma powsta\u0142a w 1964 roku. Koncentruj\u0105c si\u0119 na immunologii na dzie\u0144 dzisiejszy Vector w swoim portfolio posiada ponad 1700 specyficznych surowic ludzkich, mysich, surowic ma\u0142py oraz klas immunoglobulin szczurzych i ich podklas. Przedmiotem zainteresowania mo\u017ce by\u0107 tak\u017ce szeroki zakres poliklonalnych surowic odporno\u015bciowych dla innych bia\u0142ek surowic r\u00f3\u017cnych gatunk\u00f3w zwierz\u0105t, a tak\u017ce unikalny szereg poliklonalnych &hellip; <\/p>\n<p class=\"link-more\"><a href=\"https:\/\/www.biolim.pl\/?page_id=567\" class=\"more-link\">Czytaj dalej<span class=\"screen-reader-text\"> \u201eVector Laboratories\u201d<\/span><\/a><\/p>\n","protected":false},"author":984,"featured_media":0,"parent":0,"menu_order":0,"comment_status":"closed","ping_status":"closed","template":"","meta":{"footnotes":""},"_links":{"self":[{"href":"https:\/\/www.biolim.pl\/index.php?rest_route=\/wp\/v2\/pages\/567"}],"collection":[{"href":"https:\/\/www.biolim.pl\/index.php?rest_route=\/wp\/v2\/pages"}],"about":[{"href":"https:\/\/www.biolim.pl\/index.php?rest_route=\/wp\/v2\/types\/page"}],"author":[{"embeddable":true,"href":"https:\/\/www.biolim.pl\/index.php?rest_route=\/wp\/v2\/users\/984"}],"replies":[{"embeddable":true,"href":"https:\/\/www.biolim.pl\/index.php?rest_route=%2Fwp%2Fv2%2Fcomments&post=567"}],"version-history":[{"count":7,"href":"https:\/\/www.biolim.pl\/index.php?rest_route=\/wp\/v2\/pages\/567\/revisions"}],"predecessor-version":[{"id":3259,"href":"https:\/\/www.biolim.pl\/index.php?rest_route=\/wp\/v2\/pages\/567\/revisions\/3259"}],"wp:attachment":[{"href":"https:\/\/www.biolim.pl\/index.php?rest_route=%2Fwp%2Fv2%2Fmedia&parent=567"}],"curies":[{"name":"wp","href":"https:\/\/api.w.org\/{rel}","templated":true}]}}